What are the prime factors of j?
2, 47
Suppose 8*b - 6*b = -w + 2972, 5*b + 4*w = 7433. What are the prime factors of b?
3, 5, 11
Let z(d) be the first derivative of d**2 + 14 + d + 8/3*d**3. What are the prime factors of z(-2)?
29
Suppose 0 = -o + 2*o. Suppose 3*z = -o*z + 6. Suppose -z*a - 85 = -7*a. List the prime factors of a.
17
Let j(d) = 11*d**3 + d**2 - d - 2. Let o be j(2). Let t = 4 - 2. Suppose 3*w - 2*m = 61, -4*m = -2*w - t*w + o. List the prime factors of w.
17
Suppose -5*v = -3*v - 28. Let k be (-105)/v*(-2)/3. Suppose -2*x + 5 = 4*r - 23, -2*x = k*r - 37. What are the prime factors of r?
3
Let h = 261 - 15. What are the prime factors of -5*(h/(-10) + 3)?
2, 3
Let o be -2 - (-7)/(7/16). Let l = 17 - o. What are the prime factors of (l - 6) + 31 + -3?
5
Let y = -341 + 6214. What are the prime factors of y?
7, 839
What are the prime factors of (-4761)/(-153) + (-4)/34?
31
Let g(n) = n**3 - 2*n**2 - 3*n. Let q be g(3). Suppose -4*o = -q*o. Suppose 4*a - 23 - 117 = o. List the prime factors of a.
5, 7
Let n(l) = l**2 + l + 27. Let o be n(0). Suppose -2*r + 134 = 2*g, -3*r - 2*g + o = -169. List the prime factors of r.
2, 31
Suppose 3*a = 139 + 401. Let i = -43 + a. What are the prime factors of i?
137
Suppose 0 = 6*v - 12*v + 42. Suppose 3*j = -v*j + 1720. What are the prime factors of j?
2, 43
Let h(o) = -o + 2. Let k be h(0). Suppose 5*i + v = -v + k, -3*i - 5*v = 14. Suppose -44 = -3*n - 4*p, -i*p = -6*n + 3*n + 32. List the prime factors of n.
2, 3
Let y(p) = -6*p. Let f be y(-1). Let i = -1 + f. Suppose -l + i*u - 16 = 0, l + 2*l + u = 32. What are the prime factors of l?
3
List the prime factors of 54/90 + 11308/20.
2, 283
Let f be (219 - 5) + 1 + 5. Suppose 0 = j - 0*j - f. What are the prime factors of j?
2, 5, 11
Suppose -4*p = -3*h + 7, -2*h + 5*h + 25 = -4*p. What are the prime factors of h - (33*-1 - -3)?
3
Let l(o) = 10*o - 1. Let d(j) = -j**3 - 8*j**2 + 10*j + 10. Let f be d(-9). Let q be l(f). Suppose -190 = 4*c - q*c. List the prime factors of c.
2, 19
Let o(y) = y**3 - 12*y**2 - 6*y - 24. Let s(h) = h**3 - 12*h**2 - 6*h - 25. Let i(m) = 5*o(m) - 4*s(m). What are the prime factors of i(14)?
2, 3
Suppose -37*c + 792 = -36*c. List the prime factors of c.
2, 3, 11
Let c = 48 + -32. Suppose c = 4*x - g, x + 3 = -g + 2. Suppose -5*f - x*v = 2*v - 25, 5*v = f - 11. What are the prime factors of f?
2, 3
Let u(t) = t**3 + 16*t**2 - t - 15. List the prime factors of u(-7).
433
Let f(b) = 222*b**2 + 3*b + 2. What are the prime factors of f(-2)?
2, 13, 17
Suppose -k - 2136 = -3*k. Suppose -19*x = -7*x - k. What are the prime factors of x?
89
What are the prime factors of 28296/40 - (-2)/(-5)?
7, 101
Let m(y) = 5*y**3 - 9*y**2 - 6*y + 57. List the prime factors of m(8).
1993
Suppose -3*l - 2*l = -25, -10 = 2*t - 2*l. Let p be (-8)/(-2) - t/1. Suppose 3 = -u, 4*y + u = -p*u + 9. List the prime factors of y.
2, 3
Let y = 20 - 18. Let j(f) = -2*f**3 - 4*f**2 + 4*f - 3. Let u be j(y). Let m = u + 74. What are the prime factors of m?
47
Let t(h) = 2*h + 12. Let u be t(-5). Suppose 5*j = 3*i + 381 + 301, 3*i = u*j - 280. List the prime factors of j.
2, 67
Let h = -240 + 518. List the prime factors of h.
2, 139
Let t(i) = 37*i + 3. Let f be t(-2). Let a = f - -110. What are the prime factors of a?
3, 13
Let x(s) = -34*s - 38. List the prime factors of x(-6).
2, 83
Let d = -1142 - -1789. List the prime factors of d.
647
Let h = 231 + 578. List the prime factors of h.
809
Let v(r) = -7*r**3 - 11*r**2 - 13*r + 24. List the prime factors of v(-7).
3, 659
Suppose 5*m = -5*o + 20, -3*m + 20 = -m - o. Suppose -m*y + 129 = -5*y. What are the prime factors of y?
43
List the prime factors of -87 + 76 + (-1 - -399).
3, 43
Suppose -3571 = -10*v + 2609. What are the prime factors of v?
2, 3, 103
List the prime factors of 1 - (2 - (683 - -6)).
2, 43
Suppose 3*w + 2*g - 4619 = 0, 7*w - 4*g = 11*w - 6156. What are the prime factors of w?
23, 67
Suppose 0 = -2*q - i + 40 + 38, -q - 4*i = -32. List the prime factors of q.
2, 5
Let j(z) = -z**2 + 6*z + 19. Let v be j(8). Suppose 3*f - 5*b - 495 = -2*f, 4*b - 311 = -v*f. Suppose 3*w = -29 + f. List the prime factors of w.
2, 3
Let d(z) = -z - 5. Let y(p) = 3*p + 15. Let o(h) = 7*d(h) + 2*y(h). Let x be o(-5). List the prime factors of x - 0 - (-49 + 6).
43
Suppose -2*w + v + v + 2 = 0, -17 = -3*w - 4*v. Suppose -5*h + 4*t - 31 = 0, w*h + 2*t + 2 = 1. List the prime factors of (35/3)/(h/(-9)).
5, 7
Let n = -57 - -164. Suppose -n - 87 = -2*x. List the prime factors of x.
97
Let b be -2 + -2 - 2/(-1). Let q(t) = -13*t**3 - t**2 - 2*t - 7. What are the prime factors of q(b)?
97
Let r be (3/(-6))/(4/8). What are the prime factors of 42/(-18)*15*r?
5, 7
Let y(q) = 3*q**2 - 11*q. Let k be y(5). Let t = 48 + k. What are the prime factors of t?
2, 17
Let d(p) be the third derivative of 0*p**3 + 7/12*p**4 + 0*p + 0 - 6*p**2. List the prime factors of d(2).
2, 7
Let h(s) = 707*s - s**2 - 705*s + 2*s**2 - 21. Suppose -3*b - 36 = b. List the prime factors of h(b).
2, 3, 7
Let p(k) = 16*k - 22 + 7 + 4*k - 9. List the prime factors of p(9).
2, 3, 13
Let c be -4*(3 - (-14)/(-4)). Let u(t) = 3*t - 3*t**2 + 1 + 0*t**c + 9*t**2 + t**3. What are the prime factors of u(-4)?
3, 7
Let m(l) = 10*l + 4. Let z = 59 + -54. What are the prime factors of m(z)?
2, 3
What are the prime factors of ((-5028)/(-6) + -4)/2?
3, 139
Let i(q) be the second derivative of 1/3*q**3 + 9*q**2 + 0 + 2*q. What are the prime factors of i(0)?
2, 3
Let u = -1608 + 2525. List the prime factors of u.
7, 131
Let f = -1 - -3. Let b be 15/(-12)*(-2 - f). List the prime factors of (-24)/(-9)*(b - -1).
2
Suppose 15334 = 25*i - 3791. What are the prime factors of i?
3, 5, 17
Let z = 1977 + -1234. List the prime factors of z.
743
Let h(l) = 22*l**3 + 8*l**2 - 15*l + 4. What are the prime factors of h(4)?
2, 5, 37
Suppose -7*v = -10*v + 9. List the prime factors of (-3120)/(-50) - (v/5)/(-1).
3, 7
Suppose 4*m - 64 = -4*t, 3*m = 2*t + 2*t + 62. Let z = m + -7. Let f(r) = r**3 - 12*r**2 + 13*r + 16. List the prime factors of f(z).
2, 19
Suppose -2*d = 2*d - 5*f - 18, -2 = 4*d + 5*f. Suppose v = -2*i + 295, -3*v - d*v = 4*i - 587. What are the prime factors of i?
2, 37
Let f = 59 - 5. Let b = 60 - f. What are the prime factors of b?
2, 3
Suppose 0 = 7*r - 3*r - 960. What are the prime factors of r?
2, 3, 5
Let m be 2/(-4)*(-8 + 12). Let d be (-3)/(-3) - (-2)/m. Suppose 6*b + 0 - 108 = d. What are the prime factors of b?
2, 3
Suppose -2*a = 4*g + 20, 3 + 5 = -3*g + 2*a. Let c(r) = -r**3 + 2*r**2 - 4*r - 6. List the prime factors of c(g).
2, 53
Suppose 13 = 4*u - 3*u. Suppose -d + l = 3*l - u, -4*d - 3*l = -32. Suppose 2*w - 140 = 5*t, -d*w + 3*t + 371 = t. List the prime factors of w.
3, 5
List the prime factors of (1 + (-278)/4)*(-11 - -3).
2, 137
Let a(r) = -5*r**3 + 10*r**2 - 2*r + 75. What are the prime factors of a(-9)?
2, 3, 379
Let x be -2*(42/(-4) - -1). Suppose -2*f + 5*f - 81 = 0. Let d = x + f. List the prime factors of d.
2, 23
What are the prime factors of 5530 + 1 - ((-126)/(-14) - 1)?
3, 7, 263
List the prime factors of (6 + 4/((-40)/55))*2908.
2, 727
Suppose 3509 = -16*h + 27*h. List the prime factors of h.
11, 29
Suppose 36780 = -27*w + 37*w. What are the prime factors of w?
2, 3, 613
Suppose 914 + 3928 = 6*o. What are the prime factors of o?
3, 269
Let y(m) = -m**3 - m**2 + m - 3. Let k be y(-3). Suppose -k*h - 16 = -11*h. List the prime factors of (-8)/((h/(-12))/(-2)).
2, 3
Suppose 0 = -25*i - 5*i + 22830. What are the prime factors of i?
761
Let v = -534 - -924. What are the prime factors of v?
2, 3, 5, 13
Let z(m) = -m**2 + 11*m + 23. Let v be z(13). Let t(b) = -4*b**3 - 6*b**2 - 8*b + 1. What are the prime factors of t(v)?
79
Let f(v) = 60*v - 22*v - 14*v - 45 - v**2 - 2*v. List the prime factors of f(19).
2, 3
Let v be (-1)/(-2)*(-2)/3*-114. Suppose 36*h - v*h = -122. List the prime factors of h.
61
Let o = -12 - -1. Let u = 29 + o. List the prime factors of u.
2, 3
Let i(h) = -2*h**2 + 4*h + 22. Let k be i(8). Let u = -63 - k. List the prime factors of u.
11
Let q(b) be the first derivative of 2*b**5/15 + b**4/3 - 7*b**3/3 - 9. Let j(s) be the third derivative of q(s). What are the prime factors of j(3)?
2, 7
Let v be 58/(-12) + 4/(-24).